{"id":36961,"date":"2023-01-24T15:08:26","date_gmt":"2023-01-24T15:08:26","guid":{"rendered":"https:\/\/dev.verdestenerife.com\/propiedades\/wohnung-13\/"},"modified":"2025-08-22T08:51:26","modified_gmt":"2025-08-22T08:51:26","slug":"wohnung-13","status":"publish","type":"estate_property","link":"https:\/\/verdestenerife.com\/de\/propiedades\/wohnung-13\/","title":{"rendered":"WOHNUNG"},"content":{"rendered":"&#13;\n<p>Exklusive brandneue Wohnung in Puerto Santiago, Teneriffa.<\/p>&#13;\n&#13;\n<p>Es besteht aus drei Schlafzimmern, zwei B\u00e4dern, einer Einbauk\u00fcche, einer sonnigen Terrasse auf der Vorderseite und einer Dachterrasse mit separatem Abstellraum.<\/p>&#13;\n&#13;\n<p>Gesamtfl\u00e4che von 150m2 einschlie\u00dflich der vorderen Terrasse. Auf der Dachterrasse besteht die M\u00f6glichkeit, einen Grillplatz einzurichten.<\/p>&#13;\n&#13;\n<p>Ideal zum Wohnen oder als Investition f\u00fcr Urlaub oder Langzeitvermietung.<\/p>&#13;\n&#13;\n<p>Sehr nah an allen Annehmlichkeiten der Gegend, 3 Minuten nach Playa Chica und 5-6 Minuten nach Playa de La Arena und Los Gigantes.<\/p>&#13;\n","protected":false},"excerpt":{"rendered":"<p>&#13; Exklusive brandneue Wohnung in Puerto Santiago, Teneriffa. &#13; &#13; Es besteht aus drei Schlafzimmern, zwei B\u00e4dern, einer Einbauk\u00fcche, einer sonnigen Terrasse auf der Vorderseite und einer Dachterrasse mit separatem Abstellraum. &#13; &#13; Gesamtfl\u00e4che von 150m2 einschlie\u00dflich der vorderen Terrasse. Auf der Dachterrasse besteht die M\u00f6glichkeit, einen Grillplatz einzurichten. &#13; &#13; Ideal zum Wohnen oder als Investition f\u00fcr Urlaub oder Langzeitvermietung. &#13; &#13; Sehr &#8230;<\/p>\n","protected":false},"featured_media":34755,"comment_status":"closed","ping_status":"closed","template":"","property_category":[232],"property_action_category":[406],"property_city":[368],"property_area":[],"property_county_state":[],"property_features":[374,370,445,452,485],"property_status":[233],"class_list":["post-36961","estate_property","type-estate_property","status-publish","has-post-thumbnail","hentry","property_category-wohnungen","property_action_category-ausverkauft","property_city-puerto-de-santiago-de","property_features-abstellraum","property_features-blick-aufs-meer","property_features-geraumiges-wohnzimmer","property_features-grillplatz","property_features-speisesaal","property_status-verkauft"],"_links":{"self":[{"href":"https:\/\/verdestenerife.com\/de\/wp-json\/wp\/v2\/estate_property\/36961","targetHints":{"allow":["GET"]}}],"collection":[{"href":"https:\/\/verdestenerife.com\/de\/wp-json\/wp\/v2\/estate_property"}],"about":[{"href":"https:\/\/verdestenerife.com\/de\/wp-json\/wp\/v2\/types\/estate_property"}],"replies":[{"embeddable":true,"href":"https:\/\/verdestenerife.com\/de\/wp-json\/wp\/v2\/comments?post=36961"}],"wp:featuredmedia":[{"embeddable":true,"href":"https:\/\/verdestenerife.com\/de\/wp-json\/wp\/v2\/media\/34755"}],"wp:attachment":[{"href":"https:\/\/verdestenerife.com\/de\/wp-json\/wp\/v2\/media?parent=36961"}],"wp:term":[{"taxonomy":"property_category","embeddable":true,"href":"https:\/\/verdestenerife.com\/de\/wp-json\/wp\/v2\/property_category?post=36961"},{"taxonomy":"property_action_category","embeddable":true,"href":"https:\/\/verdestenerife.com\/de\/wp-json\/wp\/v2\/property_action_category?post=36961"},{"taxonomy":"property_city","embeddable":true,"href":"https:\/\/verdestenerife.com\/de\/wp-json\/wp\/v2\/property_city?post=36961"},{"taxonomy":"property_area","embeddable":true,"href":"https:\/\/verdestenerife.com\/de\/wp-json\/wp\/v2\/property_area?post=36961"},{"taxonomy":"property_county_state","embeddable":true,"href":"https:\/\/verdestenerife.com\/de\/wp-json\/wp\/v2\/property_county_state?post=36961"},{"taxonomy":"property_features","embeddable":true,"href":"https:\/\/verdestenerife.com\/de\/wp-json\/wp\/v2\/property_features?post=36961"},{"taxonomy":"property_status","embeddable":true,"href":"https:\/\/verdestenerife.com\/de\/wp-json\/wp\/v2\/property_status?post=36961"}],"curies":[{"name":"wp","href":"https:\/\/api.w.org\/{rel}","templated":true}]}}

&#13;
<p>Exklusive brandneue Wohnung in Puerto Santiago, Teneriffa.</p>&#13;
&#13;
<p>Es besteht aus drei Schlafzimmern, zwei Bädern, einer Einbauküche, einer sonnigen Terrasse auf der Vorderseite und einer Dachterrasse mit separatem Abstellraum.</p>&#13;
&#13;
<p>Gesamtfläche von 150m2 einschließlich der vorderen Terrasse. Auf der Dachterrasse besteht die Möglichkeit, einen Grillplatz einzurichten.</p>&#13;
&#13;
<p>Ideal zum Wohnen oder als Investition für Urlaub oder Langzeitvermietung.</p>&#13;
&#13;
<p>Sehr nah an allen Annehmlichkeiten der Gegend, 3 Minuten nach Playa Chica und 5-6 Minuten nach Playa de La Arena und Los Gigantes.</p>&#13;

<p>&#13; Exklusive brandneue Wohnung in Puerto Santiago, Teneriffa. &#13; &#13; Es besteht aus drei Schlafzimmern, zwei Bädern, einer Einbauküche, einer sonnigen Terrasse auf der Vorderseite und einer Dachterrasse mit separatem Abstellraum. &#13; &#13; Gesamtfläche von 150m2 einschließlich der vorderen Terrasse. Auf der Dachterrasse besteht die Möglichkeit, einen Grillplatz einzurichten. &#13; &#13; Ideal zum Wohnen oder als Investition für Urlaub oder Langzeitvermietung. &#13; &#13; Sehr &#8230;</p>
