{"id":37336,"date":"2023-02-14T12:20:14","date_gmt":"2023-02-14T12:20:14","guid":{"rendered":"https:\/\/dev.verdestenerife.com\/propiedades\/wohnung-18\/"},"modified":"2025-08-22T08:46:50","modified_gmt":"2025-08-22T08:46:50","slug":"wohnung-18","status":"publish","type":"estate_property","link":"https:\/\/verdestenerife.com\/de\/propiedades\/wohnung-18\/","title":{"rendered":"WOHNUNG"},"content":{"rendered":"<p>Exklusive wohnung im zentrum von Los Gigantes. In unmittelbarer n\u00e4he aller dienstleistungen der gegend und 5 gehminuten vom strand entfernt. Diese immobilie besteht aus zwei schlafzimmern, zwei badezimmern, einer sonnigen terrasse, einem solarium mit aussicht und einer privaten garage f\u00fcr zwei autos. Diese immobilie kann das ganze jahr \u00fcber gemietet werden, au\u00dfer in den monaten juli und august.<\/p>\n","protected":false},"excerpt":{"rendered":"<p>Exklusive wohnung im zentrum von Los Gigantes. In unmittelbarer n\u00e4he aller dienstleistungen der gegend und 5 gehminuten vom strand entfernt. Diese immobilie besteht aus zwei schlafzimmern, zwei badezimmern, einer sonnigen terrasse, einem solarium mit aussicht und einer privaten garage f\u00fcr zwei autos. Diese immobilie kann das ganze jahr \u00fcber gemietet werden, au\u00dfer in den monaten juli und august.<\/p>\n","protected":false},"featured_media":37227,"comment_status":"open","ping_status":"closed","template":"","property_category":[232],"property_action_category":[238],"property_city":[280],"property_area":[],"property_county_state":[],"property_features":[220],"property_status":[],"class_list":["post-37336","estate_property","type-estate_property","status-publish","has-post-thumbnail","hentry","property_category-wohnungen","property_action_category-miete","property_city-acantilados-de-los-gigantes-de","property_features-angeschlossene-garage"],"_links":{"self":[{"href":"https:\/\/verdestenerife.com\/de\/wp-json\/wp\/v2\/estate_property\/37336","targetHints":{"allow":["GET"]}}],"collection":[{"href":"https:\/\/verdestenerife.com\/de\/wp-json\/wp\/v2\/estate_property"}],"about":[{"href":"https:\/\/verdestenerife.com\/de\/wp-json\/wp\/v2\/types\/estate_property"}],"replies":[{"embeddable":true,"href":"https:\/\/verdestenerife.com\/de\/wp-json\/wp\/v2\/comments?post=37336"}],"wp:featuredmedia":[{"embeddable":true,"href":"https:\/\/verdestenerife.com\/de\/wp-json\/wp\/v2\/media\/37227"}],"wp:attachment":[{"href":"https:\/\/verdestenerife.com\/de\/wp-json\/wp\/v2\/media?parent=37336"}],"wp:term":[{"taxonomy":"property_category","embeddable":true,"href":"https:\/\/verdestenerife.com\/de\/wp-json\/wp\/v2\/property_category?post=37336"},{"taxonomy":"property_action_category","embeddable":true,"href":"https:\/\/verdestenerife.com\/de\/wp-json\/wp\/v2\/property_action_category?post=37336"},{"taxonomy":"property_city","embeddable":true,"href":"https:\/\/verdestenerife.com\/de\/wp-json\/wp\/v2\/property_city?post=37336"},{"taxonomy":"property_area","embeddable":true,"href":"https:\/\/verdestenerife.com\/de\/wp-json\/wp\/v2\/property_area?post=37336"},{"taxonomy":"property_county_state","embeddable":true,"href":"https:\/\/verdestenerife.com\/de\/wp-json\/wp\/v2\/property_county_state?post=37336"},{"taxonomy":"property_features","embeddable":true,"href":"https:\/\/verdestenerife.com\/de\/wp-json\/wp\/v2\/property_features?post=37336"},{"taxonomy":"property_status","embeddable":true,"href":"https:\/\/verdestenerife.com\/de\/wp-json\/wp\/v2\/property_status?post=37336"}],"curies":[{"name":"wp","href":"https:\/\/api.w.org\/{rel}","templated":true}]}}

<p>Exklusive wohnung im zentrum von Los Gigantes. In unmittelbarer nähe aller dienstleistungen der gegend und 5 gehminuten vom strand entfernt. Diese immobilie besteht aus zwei schlafzimmern, zwei badezimmern, einer sonnigen terrasse, einem solarium mit aussicht und einer privaten garage für zwei autos. Diese immobilie kann das ganze jahr über gemietet werden, außer in den monaten juli und august.</p>
