{"id":45798,"date":"2024-07-15T09:31:00","date_gmt":"2024-07-15T09:31:00","guid":{"rendered":"https:\/\/verdestenerife.com\/propiedades\/villa-pino\/"},"modified":"2025-08-22T08:41:30","modified_gmt":"2025-08-22T08:41:30","slug":"villa-pino","status":"publish","type":"estate_property","link":"https:\/\/verdestenerife.com\/de\/propiedades\/villa-pino\/","title":{"rendered":"VILLA PINO"},"content":{"rendered":"\n<p>Entdecken Sie das Luxusleben in dieser spektakul\u00e4ren Villa zum Verkauf! In einer privilegierten Gegend mit Zugang von der Calle La Palmera und der Calle del Pino gelegen, bietet diese beeindruckende 335 m\u00b2 gro\u00dfe Immobilie alles, was Sie f\u00fcr ein komfortables und stilvolles Leben ben\u00f6tigen. Die Villa verf\u00fcgt \u00fcber einen privaten Swimmingpool und einen unvergleichlichen Blick auf die Klippen und den Yachthafen, der Ihnen jeden Tag den Atem rauben wird.&#13;\n&#13;\n<\/p>\n\n<p>Auf zwei Etagen verteilt, bietet die erste Etage offene Wohnr\u00e4ume, die sich harmonisch mit mehreren Terrassen verbinden, auf denen Sie die frische Luft und den Panoramablick genie\u00dfen k\u00f6nnen. Die ger\u00e4umige K\u00fcche und die Waschk\u00fcche bieten den idealen Platz f\u00fcr Ihre t\u00e4glichen Aktivit\u00e4ten, w\u00e4hrend der Hinterhof einen Hauch von Natur und Privatsph\u00e4re bietet.&#13;\n&#13;\n<\/p>\n\n<p><p>Im ersten Stock befinden sich vier Schlafzimmer, darunter ein Hauptschlafzimmer mit einem in Italien entworfenen Badezimmer, das den Begriff Luxus neu definiert. Au\u00dferdem gibt es ein perfekt positioniertes B\u00fcro, in dem Sie bequem von zu Hause aus arbeiten k\u00f6nnen.<br\/>Die Villa ist von B\u00e4umen und G\u00e4rten umgeben, die eine ruhige und entspannende Umgebung schaffen.<\/p><p><br data-mce-bogus=\"1\"\/><\/p><\/p>\n\n<p>Die Villa verf\u00fcgt au\u00dferdem \u00fcber eine gro\u00dfe Garage mit Platz f\u00fcr zwei Fahrzeuge und einen Abstellraum f\u00fcr zus\u00e4tzlichen Stauraum. Obwohl es sich um eine Gebrauchtimmobilie handelt, ist sie in einem hervorragenden Zustand und bereit, Ihr neues Zuhause zu werden. Verpassen Sie nicht die Gelegenheit, in diesem architektonischen Juwel zu wohnen,&#13;\n&#13;\n<\/p>\n","protected":false},"excerpt":{"rendered":"<p>Entdecken Sie das Luxusleben in dieser spektakul\u00e4ren Villa zum Verkauf! In einer privilegierten Gegend mit Zugang von der Calle La Palmera und der Calle del Pino gelegen, bietet diese beeindruckende 335 m\u00b2 gro\u00dfe Immobilie alles, was Sie f\u00fcr ein komfortables und stilvolles Leben ben\u00f6tigen. Die Villa verf\u00fcgt \u00fcber einen privaten Swimmingpool und einen unvergleichlichen Blick auf die Klippen und den Yachthafen, der Ihnen jeden &#8230;<\/p>\n","protected":false},"featured_media":45550,"comment_status":"open","ping_status":"closed","template":"","property_category":[401],"property_action_category":[208],"property_city":[280],"property_area":[],"property_county_state":[],"property_features":[443,543,496,445,455,546],"property_status":[524],"class_list":["post-45798","estate_property","type-estate_property","status-publish","has-post-thumbnail","hentry","property_category-der-kleinstadt","property_action_category-kauf","property_city-acantilados-de-los-gigantes-de","property_features-blick-auf-das-meer-und-die-klippen","property_features-garaje-de","property_features-gartenterrassen","property_features-geraumiges-wohnzimmer","property_features-panoramaaussichten","property_features-piscina-privada-de","property_status-venta-de"],"_links":{"self":[{"href":"https:\/\/verdestenerife.com\/de\/wp-json\/wp\/v2\/estate_property\/45798","targetHints":{"allow":["GET"]}}],"collection":[{"href":"https:\/\/verdestenerife.com\/de\/wp-json\/wp\/v2\/estate_property"}],"about":[{"href":"https:\/\/verdestenerife.com\/de\/wp-json\/wp\/v2\/types\/estate_property"}],"replies":[{"embeddable":true,"href":"https:\/\/verdestenerife.com\/de\/wp-json\/wp\/v2\/comments?post=45798"}],"wp:featuredmedia":[{"embeddable":true,"href":"https:\/\/verdestenerife.com\/de\/wp-json\/wp\/v2\/media\/45550"}],"wp:attachment":[{"href":"https:\/\/verdestenerife.com\/de\/wp-json\/wp\/v2\/media?parent=45798"}],"wp:term":[{"taxonomy":"property_category","embeddable":true,"href":"https:\/\/verdestenerife.com\/de\/wp-json\/wp\/v2\/property_category?post=45798"},{"taxonomy":"property_action_category","embeddable":true,"href":"https:\/\/verdestenerife.com\/de\/wp-json\/wp\/v2\/property_action_category?post=45798"},{"taxonomy":"property_city","embeddable":true,"href":"https:\/\/verdestenerife.com\/de\/wp-json\/wp\/v2\/property_city?post=45798"},{"taxonomy":"property_area","embeddable":true,"href":"https:\/\/verdestenerife.com\/de\/wp-json\/wp\/v2\/property_area?post=45798"},{"taxonomy":"property_county_state","embeddable":true,"href":"https:\/\/verdestenerife.com\/de\/wp-json\/wp\/v2\/property_county_state?post=45798"},{"taxonomy":"property_features","embeddable":true,"href":"https:\/\/verdestenerife.com\/de\/wp-json\/wp\/v2\/property_features?post=45798"},{"taxonomy":"property_status","embeddable":true,"href":"https:\/\/verdestenerife.com\/de\/wp-json\/wp\/v2\/property_status?post=45798"}],"curies":[{"name":"wp","href":"https:\/\/api.w.org\/{rel}","templated":true}]}}

<p>Entdecken Sie das Luxusleben in dieser spektakulären Villa zum Verkauf! In einer privilegierten Gegend mit Zugang von der Calle La Palmera und der Calle del Pino gelegen, bietet diese beeindruckende 335 m² große Immobilie alles, was Sie für ein komfortables und stilvolles Leben benötigen. Die Villa verfügt über einen privaten Swimmingpool und einen unvergleichlichen Blick auf die Klippen und den Yachthafen, der Ihnen jeden Tag den Atem rauben wird.&#13;
&#13;
</p>

<p>Auf zwei Etagen verteilt, bietet die erste Etage offene Wohnräume, die sich harmonisch mit mehreren Terrassen verbinden, auf denen Sie die frische Luft und den Panoramablick genießen können. Die geräumige Küche und die Waschküche bieten den idealen Platz für Ihre täglichen Aktivitäten, während der Hinterhof einen Hauch von Natur und Privatsphäre bietet.&#13;
&#13;
</p>

<p><p>Im ersten Stock befinden sich vier Schlafzimmer, darunter ein Hauptschlafzimmer mit einem in Italien entworfenen Badezimmer, das den Begriff Luxus neu definiert. Außerdem gibt es ein perfekt positioniertes Büro, in dem Sie bequem von zu Hause aus arbeiten können.<br/>Die Villa ist von Bäumen und Gärten umgeben, die eine ruhige und entspannende Umgebung schaffen.</p><p><br data-mce-bogus="1"/></p></p>

<p>Die Villa verfügt außerdem über eine große Garage mit Platz für zwei Fahrzeuge und einen Abstellraum für zusätzlichen Stauraum. Obwohl es sich um eine Gebrauchtimmobilie handelt, ist sie in einem hervorragenden Zustand und bereit, Ihr neues Zuhause zu werden. Verpassen Sie nicht die Gelegenheit, in diesem architektonischen Juwel zu wohnen,&#13;
&#13;
</p>

<p>Entdecken Sie das Luxusleben in dieser spektakulären Villa zum Verkauf! In einer privilegierten Gegend mit Zugang von der Calle La Palmera und der Calle del Pino gelegen, bietet diese beeindruckende 335 m² große Immobilie alles, was Sie für ein komfortables und stilvolles Leben benötigen. Die Villa verfügt über einen privaten Swimmingpool und einen unvergleichlichen Blick auf die Klippen und den Yachthafen, der Ihnen jeden &#8230;</p>
