{"id":46071,"date":"2024-08-03T09:51:17","date_gmt":"2024-08-03T09:51:17","guid":{"rendered":"https:\/\/verdestenerife.com\/propiedades\/residencial-playa\/"},"modified":"2025-08-22T08:41:23","modified_gmt":"2025-08-22T08:41:23","slug":"residencial-playa","status":"publish","type":"estate_property","link":"https:\/\/verdestenerife.com\/de\/propiedades\/residencial-playa\/","title":{"rendered":"RESIDENCIAL PLAYA"},"content":{"rendered":"\n<p>Dieses neu gebaute Duplex-Penthouse ist eine ausgezeichnete Wahl f\u00fcr diejenigen, die Komfort und eine fantastische Aussicht suchen. &#13;\n&#13;\n&#13;\n&#13;\n<\/p>\n\n<p>Residencial Playa de San Juan nur wenige Meter vom Strand und der Promenade entfernt.<\/p>\n\n<p>Sie k\u00f6nnen die Immobilie \u00fcber den Aufzug oder die Gemeinschaftsgarage erreichen. <\/p>\n\n<p>*Erster Stock: <\/p>\n\n<ul class=\"wp-block-list\">\n<li> &#8211; Zwei Schlafzimmer.<\/li>\n\n\n\n<li> &#8211; Ein Badezimmer.<\/li>\n\n\n\n<li> &#8211; Ein Badezimmer.<\/li>\n\n\n\n<li> &#8211; Ger\u00e4umiges Wohnzimmer mit Panoramablick.<\/li>\n\n\n\n<li>zweiter Stock<\/li>\n\n\n\n<li> &#8211; Ein Badezimmer.<\/li>\n\n\n\n<li>Gro\u00dfe Sonnenterrasse mit Blick auf das Meer und den Teide, ideal zum Sonnenbaden und Entspannen.&#13;\n&#13;\n<\/li>\n<\/ul>\n\n<p>&#13;\nDieser Raum ist perfekt sowohl f\u00fcr den Aufenthalt und Investitionen. Wenn Sie weitere Informationen oder Details ben\u00f6tigen, z\u00f6gern Sie nicht, uns zu kontaktieren.<\/p>\n\n<p>Parkplatz und Abstellraum zur Verf\u00fcgung, nicht im Preis inbegriffen.<\/p>\n","protected":false},"excerpt":{"rendered":"<p>Dieses neu gebaute Duplex-Penthouse ist eine ausgezeichnete Wahl f\u00fcr diejenigen, die Komfort und eine fantastische Aussicht suchen. &#13; &#13; &#13; &#13; Residencial Playa de San Juan nur wenige Meter vom Strand und der Promenade entfernt. Sie k\u00f6nnen die Immobilie \u00fcber den Aufzug oder die Gemeinschaftsgarage erreichen. *Erster Stock: &#13; Dieser Raum ist perfekt sowohl f\u00fcr den Aufenthalt und Investitionen. Wenn Sie weitere Informationen oder &#8230;<\/p>\n","protected":false},"featured_media":46066,"comment_status":"open","ping_status":"closed","template":"","property_category":[371,293],"property_action_category":[406],"property_city":[373],"property_area":[],"property_county_state":[],"property_features":[219,370,442,425,549,303],"property_status":[],"class_list":["post-46071","estate_property","type-estate_property","status-publish","has-post-thumbnail","hentry","property_category-duplex-de","property_category-penthouse","property_action_category-ausverkauft","property_city-playa-de-san-juan-de","property_features-ausgestattete-kuche","property_features-blick-aufs-meer","property_features-geraumig-und-hell","property_features-nah-am-strand","property_features-nueva-construccion-de","property_features-solarium-de"],"_links":{"self":[{"href":"https:\/\/verdestenerife.com\/de\/wp-json\/wp\/v2\/estate_property\/46071","targetHints":{"allow":["GET"]}}],"collection":[{"href":"https:\/\/verdestenerife.com\/de\/wp-json\/wp\/v2\/estate_property"}],"about":[{"href":"https:\/\/verdestenerife.com\/de\/wp-json\/wp\/v2\/types\/estate_property"}],"replies":[{"embeddable":true,"href":"https:\/\/verdestenerife.com\/de\/wp-json\/wp\/v2\/comments?post=46071"}],"wp:featuredmedia":[{"embeddable":true,"href":"https:\/\/verdestenerife.com\/de\/wp-json\/wp\/v2\/media\/46066"}],"wp:attachment":[{"href":"https:\/\/verdestenerife.com\/de\/wp-json\/wp\/v2\/media?parent=46071"}],"wp:term":[{"taxonomy":"property_category","embeddable":true,"href":"https:\/\/verdestenerife.com\/de\/wp-json\/wp\/v2\/property_category?post=46071"},{"taxonomy":"property_action_category","embeddable":true,"href":"https:\/\/verdestenerife.com\/de\/wp-json\/wp\/v2\/property_action_category?post=46071"},{"taxonomy":"property_city","embeddable":true,"href":"https:\/\/verdestenerife.com\/de\/wp-json\/wp\/v2\/property_city?post=46071"},{"taxonomy":"property_area","embeddable":true,"href":"https:\/\/verdestenerife.com\/de\/wp-json\/wp\/v2\/property_area?post=46071"},{"taxonomy":"property_county_state","embeddable":true,"href":"https:\/\/verdestenerife.com\/de\/wp-json\/wp\/v2\/property_county_state?post=46071"},{"taxonomy":"property_features","embeddable":true,"href":"https:\/\/verdestenerife.com\/de\/wp-json\/wp\/v2\/property_features?post=46071"},{"taxonomy":"property_status","embeddable":true,"href":"https:\/\/verdestenerife.com\/de\/wp-json\/wp\/v2\/property_status?post=46071"}],"curies":[{"name":"wp","href":"https:\/\/api.w.org\/{rel}","templated":true}]}}

<p>Dieses neu gebaute Duplex-Penthouse ist eine ausgezeichnete Wahl für diejenigen, die Komfort und eine fantastische Aussicht suchen. &#13;
&#13;
&#13;
&#13;
</p>

<p>Residencial Playa de San Juan nur wenige Meter vom Strand und der Promenade entfernt.</p>

<p>Sie können die Immobilie über den Aufzug oder die Gemeinschaftsgarage erreichen. </p>

<p>*Erster Stock: </p>

<ul class="wp-block-list">
<li> &#8211; Zwei Schlafzimmer.</li>



<li> &#8211; Ein Badezimmer.</li>



<li> &#8211; Ein Badezimmer.</li>



<li> &#8211; Geräumiges Wohnzimmer mit Panoramablick.</li>



<li>zweiter Stock</li>



<li> &#8211; Ein Badezimmer.</li>



<li>Große Sonnenterrasse mit Blick auf das Meer und den Teide, ideal zum Sonnenbaden und Entspannen.&#13;
&#13;
</li>
</ul>

<p>&#13;
Dieser Raum ist perfekt sowohl für den Aufenthalt und Investitionen. Wenn Sie weitere Informationen oder Details benötigen, zögern Sie nicht, uns zu kontaktieren.</p>

<p>Parkplatz und Abstellraum zur Verfügung, nicht im Preis inbegriffen.</p>

<p>Dieses neu gebaute Duplex-Penthouse ist eine ausgezeichnete Wahl für diejenigen, die Komfort und eine fantastische Aussicht suchen. &#13; &#13; &#13; &#13; Residencial Playa de San Juan nur wenige Meter vom Strand und der Promenade entfernt. Sie können die Immobilie über den Aufzug oder die Gemeinschaftsgarage erreichen. *Erster Stock: &#13; Dieser Raum ist perfekt sowohl für den Aufenthalt und Investitionen. Wenn Sie weitere Informationen oder &#8230;</p>
